21 = 0, -2*j = 4*z - 3*z + 3. Let m(y) = -1 + 0*y - z*y + 0*y. Calculate m(n).
2
Let j be (-16)/(-6) + (-2)/3. Suppose -j*k + 1 = -k. Let w(o) = -3*o**3 - 2*o**2 + 1. Determine w(k).
-4
Let k be (-2*4/16)/(-30). Let x(u) be the third derivative of 1/24*u**4 + u**2 + 0*u - k*u**5 - 1/2*u**3 + 0. Give x(0).
-3
Let t be (-21)/14 + 18/4. Let u(x) = -x + 2. Give u(t).
-1
Let y(h) = 4*h. Suppose -16 = 4*g - 4. Let m = g - 0. Let o = -4 - m. Determine y(o).
-4
Let w(j) = -3*j**2 + 6*j - 6. Let x(c) = c**2. Let h(z) = -w(z) - 2*x(z). What is h(6)?
6
Let q = -5 - -24. Suppose -r - 16 = -q. Let o(n) be the second derivative of n**5/20 - n**4/3 + n**3/3 + 2*n**2 + n. Calculate o(r).
1
Let j(s) = -9*s - 2. Let h be j(-1). Let n(i) = i**2 - 9*i + 5. What is n(h)?
-9
Let r(w) = -2*w - 1. Let f be (-1)/((1 - -1)/(-6)). Suppose 2 + 1 = c. Let o be c*(0 - 4/f). Determine r(o).
7
Suppose 3*c = 2*i - 6 + 15, 5*i - 15 = -5*c. Let z(b) = -3*b**2 - 1 + c*b - 3 + b**3 - 4*b. What is z(3)?
-7
Let c(f) = -4*f + 4. Let m(l) = -1 - 6*l + 3*l + 5*l. Let a be 18/12*8/6. Let p be m(a). Give c(p).
-8
Let t(k) be the first derivative of -3*k**2/2 + 3*k - 15. Determine t(2).
-3
Let h = 15 + -13. Let u(j) = j**2 - 5*j + 1. Give u(h).
-5
Let z be 4 + 41/(-6) - -3. Let v(y) be the third derivative of 1/12*y**4 + 0 - z*y**3 + 0*y - y**2. Calculate v(-1).
-3
Let s(m) be the third derivative of m**6/120 - m**5/15 - m**4/6 - 2*m**3/3 - 30*m**2. Calculate s(5).
1
Let y(n) = -n**2 + 4*n. Let a be y(2). Let s(g) = -a*g - 1 - g**3 + g**2 + 4 + 3*g**2 - g. Suppose 0 = -b - b + 6. What is s(b)?
-3
Let i(k) = -22*k + 2 + 5*k - k**2 + 12*k + 11*k. What is i(5)?
7
Let u(y) = -4*y + 4. Let p be ((-3)/(-2))/((-12)/(-16)). Suppose -3*d + 6*d = -2*q + 7, -4*d + 10 = p*q. Calculate u(d).
-8
Let g(z) = -z**2 - 5*z + 4. Let b be g(-5). Suppose 1 - 3 = -2*h. Let q(v) = -3*v + 2*v**3 - 3*v**2 + 4*v**3 + h - 5*v**3. Calculate q(b).
5
Let n(l) = 4*l**2 + 7. Let h(o) = 7*o**2 + 13. Let z(g) = -3*h(g) + 5*n(g). Suppose -5*x - 3 = 17. Let c = 4 + x. Determine z(c).
-4
Let y(n) be the first derivative of 3 - 3/2*n**2 - 1/20*n**5 - 3*n + 1/4*n**4 + 1/3*n**3. Let t(u) be the first derivative of y(u). Give t(4).
-11
Let m(p) = -p**3 - 13*p**2 - 13*p - 10. Let k be m(-12). Suppose 0 = -5*y - 7 + k. Let t(n) = 5*n**2 + 2*n + 1. Give t(y).
4
Suppose 2*u + 50 = -3*u. Let p = u + 12. Suppose 4*a - 10 + p = 0. Let g(r) = r**3 - 3*r**2 + 1. Determine g(a).
-3
Let h(o) = -12*o + 5*o + 9*o. Determine h(-3).
-6
Let q(t) = -28*t**3 - 5 + 13*t**3 + t + 8*t**3 + 6*t**3. Calculate q(0).
-5
Let t(n) = n**2 + 11*n + 12. Let h be t(-10). Let z(x) = -x**3 + x**2 + x. Let k be z(0). Let u(f) = -6*f + 4 - 1 + k. What is u(h)?
-9
Let r(f) = -f**2 + 10*f + 11. Let c be r(11). Let j(h) = 3*h**3 - h - 2. Let m(y) = -4*y**3 + y + 2. Let l(k) = -3*j(k) - 2*m(k). What is l(c)?
2
Let x(s) = -2 - 7 + 2*s + 4. Give x(5).
5
Let w = 9 + -8. Let n(h) = 0*h - 3 + 3*h - w - 3. What is n(5)?
8
Let x(n) = -2*n**2 + n + 1. Suppose -v - 8 = -2*k, -4*k + 16 = 3*v + 2*v. Suppose 0 = k*b + b + 5. What is x(b)?
-2
Let j(u) = 5*u**3 - 3*u**2 + 10*u - 8. Let l(b) = -4*b**3 + 4*b**2 - 9*b + 8. Let c(q) = 3*q - 3. Let d be c(2). Let x(y) = d*j(y) + 4*l(y). Calculate x(6).
8
Suppose 6*o = 3*o + 21. Let q = o + -4. Let x(a) = -3*a + 0*a + 0*a + a - q. Determine x(-4).
5
Let w(h) = -3*h + 2 - 1 - 3*h**2 - 2. Let u(b) = -b - 1. Let t be u(1). Determine w(t).
-7
Let n be 5/(-5) - -3*1. Let w(t) = 2*t**2 + 2*t + 1. Calculate w(n).
13
Suppose 20*h = 15*h. Let g(y) = -y**2 + 8. Calculate g(h).
8
Let j(o) be the third derivative of o**4/24 + o**3/3 - 4*o**2 + 9. Let y = 10 + -16. What is j(y)?
-4
Suppose -2*b = 5*u + 54, -2*u - 7 = -5*b + 3. Suppose -21 = 3*o + 24. Let q = u - o. Let v(m) = -m**2 + 4*m - 4. Give v(q).
-9
Let q(m) be the first derivative of -m**3/3 - m**2 + 2*m + 1. Let h(f) be the first derivative of q(f). Let j = 8 - 12. Determine h(j).
6
Let r(j) = j**3 - j**2. Let x(w) = -3*w**3 - 2*w + 2. Let p(u) = r(u) + x(u). Calculate p(2).
-22
Suppose 0*d = -5*d. Let v(r) = -r**3 - r**2 + 9. Calculate v(d).
9
Let r be -2*(-7)/(98/(-21)). Let m(l) = 5*l**2 - 12*l - 4. Let p(k) = 3*k**2 - 8*k - 3. Let d(f) = 5*m(f) - 8*p(f). Determine d(r).
1
Let a(o) = -o + 4. Let c(u) = u. Let v(n) = a(n) + 4*c(n). Give v(4).
16
Suppose -2 - 8 = -2*f. Suppose 3*g - 1 = 5*k - 5, 4*g = f*k - 2. Let a(m) = m**3 - 2*m**2 + m - 2. Calculate a(g).
0
Let s(d) = 1. Let u(l) = -l**2 + 4*l - 7. Let b(m) = -2*s(m) - u(m). Let r(t) = -t**3 - 11*t**2 + t + 16. Let c be r(-11). Give b(c).
10
Let i(m) = m**2 - 6*m + 3. Let u be i(6). Suppose -4*t + f + u*f = 0, -4*t + 18 = 5*f. Suppose q - 2*s = 6*q + 14, -4*s + 20 = -t*q. Let r(x) = -2*x. Give r(q).
8
Let r(s) be the third derivative of s**5/60 - 5*s**4/24 + 2*s**3/3 + 7*s**2. Determine r(4).
0
Let g(c) = -4*c**3 + 6*c**2 + c**3 - 9 + 2*c**3 + 2*c. Suppose -3*x + 24 = x. Determine g(x).
3
Suppose k + 4*y + 8 = 0, 0*k + 2*y = 3*k - 4. Let j(x) = -x**2 + x - 5. Give j(k).
-5
Let z(a) be the first derivative of a**3 - 2*a**2 + 2*a + 1. Let r be 6/(-27) - (-40)/18. Determine z(r).
6
Suppose -5*j - 2 = -27. Let t(z) = -z**3 + 6*z**2 - 7*z + 6. What is t(j)?
-4
Let v = -11 + 17. Let j(b) = -b**3 + 6*b**2 - 3*b - 3. Determine j(v).
-21
Let v(n) be the second derivative of n**3/6 + n**2/2 - 2*n. Let a be (4 - 2)/(-2) + -2. Calculate v(a).
-2
Suppose 0 = 4*t + 8, -t + 4 = 2*m + 3*t. Let i(r) = -r + 11. Calculate i(m).
5
Let x(l) be the second derivative of -1/24*l**4 + 0 + 2*l + 1/2*l**2 + 0*l**3. Let d(f) be the first derivative of x(f). Determine d(5).
-5
Suppose -3 = j - 2. Let v be j + (-1)/((-1)/(-4)). Let y(s) = s + 5. Determine y(v).
0
Let i(z) = 3 + 7*z**2 + 8*z + z**3 - 7 + 12. Let k be 1*13 - 0/(-3). Let c = 7 - k. What is i(c)?
-4
Let f(h) = h**2 - 9*h - 3. Suppose 0 + 36 = 4*c. Calculate f(c).
-3
Let h(r) = r**3 - 6*r**2 + r - 1. Let b(v) = -v. Let l(i) = 4*b(i) + h(i). Let c(o) = -o**3 + o**2. Let q(w) = -2*c(w) - l(w). Let y = -1 + -1. Determine q(y).
3
Let c = -1 + -1. Let v = 0 + c. Let i be (-8)/v + -2 + 1. Let d(t) = -2*t**2 + 2*t + 2. What is d(i)?
-10
Let m(c) = -1 - 6*c**3 + c**2 + 21*c**3 - c - c**3. Calculate m(-1).
-13
Let m = 29 - 14. Suppose -j - 2*j = -m. Suppose -3*k + j = -4. Let u(z) = -z**2 + 5*z - 3. What is u(k)?
3
Let x(a) be the second derivative of a**4/12 + 4*a**2 - 8*a. What is x(0)?
8
Let i(c) be the first derivative of c**4/24 + 2*c**3/3 - 5*c**2/2 + 2. Let u(n) be the second derivative of i(n). Let p be 1*(4 + -2 - -2). Give u(p).
8
Suppose -4*y = -y + 9. Let d = y - -3. Let u(t) = -t + 4. What is u(d)?
4
Let w(j) = j**2 + 2*j - 5. Let o(h) = -h**3 - 5*h**2 + 5*h - 7. Let b be o(-6). Let d(p) = p**2 - p - 1. Let a(s) = b*w(s) + 2*d(s). Determine a(4).
3
Let g(m) = -m**2 - m - 7. Let v(h) = -h**2 + 5*h. Let p be v(5). Calculate g(p).
-7
Let t = -13 - -12. Let g(y) = -14*y - 1. Determine g(t).
13
Let s(t) = t**2 + 3*t + 1. Let q(m) = -7*m - 1. Let y(f) = -13*f - 2. Let z(k) = -7*q(k) + 4*y(k). Let v = -2 + 3. Let o be z(v). Calculate s(o).
5
Let y(l) = 9*l**2 + l**2 + 2*l**2. Let v(f) = -f**2 + 10*f - 8. Let m(z) = -z. Let j be m(-9). Let a be v(j). Determine y(a).
12
Let q = 64 - 40. Suppose -3*f + 5*f = -4*h - 16, -2*f = -4*h - q. Let c(o) = o - 5. Give c(h).
-10
Let c(a) = 5*a**2 + a + 1. Let q be 0 - -3 - 0/3. Suppose -5*x + q - 8 = 0. Give c(x).
5
Let c(g) = -5*g**3 + 2*g + 1. Suppose 0 = -l + 1. Let w be (l - 0)/(-3 + 2). Determine c(w).
4
Let a = -22 - -22. Let p(z) be the second derivative of -z**4/24 - z**3 + z**2/2 + z. Let s(j) be the first derivative of p(j). What is s(a)?
-6
Let n(q) = 2*q + 1. Suppose -5*h + 1 = 6. Determine n(h).
-1
Suppose -5*o - 9 = 1. Let p(n) = -14*n**2 + 4*n**2 + 2 + 8*n**2. Calculate p(o).
-6
Let v(k) be the second derivative of -k**6/180 + k**5/120 - k**4/4 - 2*k. Let s(w) be the third derivative of v(w). Give s(1).
-3
Let c(w) = 1 - 5 + w + 0. Suppose 7 = 4*i - 5. Give c(i).
-1
Suppose -s + 2 = 2*v - v, 2*s = 4. Let f(g) = -g + 3. Let h be f(v). Let a(j) = 4*j + 5*j**2 - 5*j - j**2 - h*j**2. What is a(2)?
2
Let h(a) = a - 1. Let r(c) = c - 10. Let m be r(14). Let w be h(m). Let p(n) = -n**3 + 4*n**2 - 3*n - 1. Calculate p(w).
-1
Let g(z) = z**3 - 2*z**2 - 4*z + 